{"id":2204,"date":"2025-11-11T21:38:41","date_gmt":"2025-11-11T21:38:41","guid":{"rendered":"https:\/\/alplatten.ch\/?page_id=2204"},"modified":"2025-11-18T13:42:19","modified_gmt":"2025-11-18T13:42:19","slug":"ueber-uns","status":"publish","type":"page","link":"https:\/\/alplatten.ch\/index.php\/ueber-uns\/","title":{"rendered":"\u00dcBER UNS"},"content":{"rendered":"\n<div class=\"wp-block-group alignfull page-header is-layout-constrained wp-block-group-is-layout-constrained\">\n<div class=\"wp-block-group title-text-box is-layout-constrained wp-block-group-is-layout-constrained\">\n<h1 class=\"wp-block-heading has-text-align-center\" style=\"font-size:60px\">\u00dcber Uns<\/h1>\n<\/div>\n<\/div>\n\n\n\n<p class=\"wp-block-paragraph\">Mein Name ist Ali, ich bin Kurde und bin seit 2014 selbstst\u00e4ndig. Ich f\u00fchre ein Unternehmen mit vier Mitarbeitenden und spezialisiere mich auf Renovationen. Wir machen nicht nur Plattenbel\u00e4ge, sondern auch Gipser-, Maler-, Parkett- und kleinere Gartenarbeiten. Unsere Firma ist sehr flexibel und legt gro\u00dfen Wert auf Qualit\u00e4t. F\u00fcr die Planung und Umsetzung meiner Projekte arbeite ich eng mit dem Architekten Andri Gartmann von Gartmanngutarra Architekten zusammen. Durch unsere langj\u00e4hrige Zusammenarbeit k\u00f6nnen wir Bauprojekte effizient und professionell umsetzen.<\/p>\n\n\n\n<h3 class=\"wp-block-heading\">Unsere Werte und unsere Philosophie<\/h3>\n\n\n\n<p class=\"wp-block-paragraph\">F\u00fcr die <strong>Alplatten GmbH<\/strong> stehen Qualit\u00e4t, Pr\u00e4zision und Kundenzufriedenheit an erster Stelle. Wir legen grossen Wert auf pers\u00f6nliche Beratung, individuelle L\u00f6sungen und eine saubere, termingerechte Ausf\u00fchrung. Dank Erfahrung, Engagement und Leidenschaft gelingt es uns, jedes Projekt effizient und auf h\u00f6chstem handwerklichen Niveau umzusetzen.<\/p>\n\n\n\n<h3 class=\"wp-block-heading\">Ziele<\/h3>\n\n\n\n<p class=\"wp-block-paragraph\">Unser Ziel ist es, die Bed\u00fcrfnisse unserer Kunden fr\u00fchzeitig zu erkennen und durch pers\u00f6nliche Beratung optimal umzusetzen. Der Mensch steht bei uns im Mittelpunkt \u2013 wir begleiten jedes Projekt mit Engagement, Fachwissen und Erfahrung. So garantieren wir eine effiziente, saubere und termingerechte Ausf\u00fchrung unserer Arbeiten.<\/p>\n\n\n\n<p class=\"wp-block-paragraph\"><\/p>\n\n\n\n<p class=\"wp-block-paragraph\"><\/p>\n","protected":false},"excerpt":{"rendered":"<p>\u00dcber Uns Mein Name ist Ali, ich bin Kurde und bin seit 2014 selbstst\u00e4ndig. Ich f\u00fchre ein Unternehmen mit vier [&hellip;]<\/p>\n","protected":false},"author":1,"featured_media":0,"parent":0,"menu_order":0,"comment_status":"closed","ping_status":"closed","template":"","meta":{"saved_in_kubio":false,"site-sidebar-layout":"default","site-content-layout":"","ast-site-content-layout":"default","site-content-style":"default","site-sidebar-style":"default","ast-global-header-display":"","ast-banner-title-visibility":"","ast-main-header-display":"","ast-hfb-above-header-display":"","ast-hfb-below-header-display":"","ast-hfb-mobile-header-display":"","site-post-title":"disabled","ast-breadcrumbs-content":"","ast-featured-img":"","footer-sml-layout":"","theme-transparent-header-meta":"","adv-header-id-meta":"","stick-header-meta":"","header-above-stick-meta":"","header-main-stick-meta":"","header-below-stick-meta":"","astra-migrate-meta-layouts":"default","ast-page-background-enabled":"default","ast-page-background-meta":{"desktop":{"background-color":"var(--ast-global-color-5)","background-image":"","background-repeat":"repeat","background-position":"center center","background-size":"auto","background-attachment":"scroll","background-type":"","background-media":"","overlay-type":"","overlay-color":"","overlay-opacity":"","overlay-gradient":""},"tablet":{"background-color":"","background-image":"","background-repeat":"repeat","background-position":"center center","background-size":"auto","background-attachment":"scroll","background-type":"","background-media":"","overlay-type":"","overlay-color":"","overlay-opacity":"","overlay-gradient":""},"mobile":{"background-color":"","background-image":"","background-repeat":"repeat","background-position":"center center","background-size":"auto","background-attachment":"scroll","background-type":"","background-media":"","overlay-type":"","overlay-color":"","overlay-opacity":"","overlay-gradient":""}},"ast-content-background-meta":{"desktop":{"background-color":"var(--ast-global-color-4)","background-image":"","background-repeat":"repeat","background-position":"center center","background-size":"auto","background-attachment":"scroll","background-type":"","background-media":"","overlay-type":"","overlay-color":"","overlay-opacity":"","overlay-gradient":""},"tablet":{"background-color":"var(--ast-global-color-4)","background-image":"","background-repeat":"repeat","background-position":"center center","background-size":"auto","background-attachment":"scroll","background-type":"","background-media":"","overlay-type":"","overlay-color":"","overlay-opacity":"","overlay-gradient":""},"mobile":{"background-color":"var(--ast-global-color-4)","background-image":"","background-repeat":"repeat","background-position":"center center","background-size":"auto","background-attachment":"scroll","background-type":"","background-media":"","overlay-type":"","overlay-color":"","overlay-opacity":"","overlay-gradient":""}},"footnotes":""},"class_list":["post-2204","page","type-page","status-publish","hentry"],"kubio_ai_page_context":{"short_desc":"","purpose":"general"},"_links":{"self":[{"href":"https:\/\/alplatten.ch\/index.php\/wp-json\/wp\/v2\/pages\/2204","targetHints":{"allow":["GET"]}}],"collection":[{"href":"https:\/\/alplatten.ch\/index.php\/wp-json\/wp\/v2\/pages"}],"about":[{"href":"https:\/\/alplatten.ch\/index.php\/wp-json\/wp\/v2\/types\/page"}],"author":[{"embeddable":true,"href":"https:\/\/alplatten.ch\/index.php\/wp-json\/wp\/v2\/users\/1"}],"replies":[{"embeddable":true,"href":"https:\/\/alplatten.ch\/index.php\/wp-json\/wp\/v2\/comments?post=2204"}],"version-history":[{"count":13,"href":"https:\/\/alplatten.ch\/index.php\/wp-json\/wp\/v2\/pages\/2204\/revisions"}],"predecessor-version":[{"id":2778,"href":"https:\/\/alplatten.ch\/index.php\/wp-json\/wp\/v2\/pages\/2204\/revisions\/2778"}],"wp:attachment":[{"href":"https:\/\/alplatten.ch\/index.php\/wp-json\/wp\/v2\/media?parent=2204"}],"curies":[{"name":"wp","href":"https:\/\/api.w.org\/{rel}","templated":true}]}}

ÜBER UNS

<div class="wp-block-group alignfull page-header is-layout-constrained wp-block-group-is-layout-constrained">
<div class="wp-block-group title-text-box is-layout-constrained wp-block-group-is-layout-constrained">
<h1 class="wp-block-heading has-text-align-center" style="font-size:60px">Über Uns</h1>
</div>
</div>



<p class="wp-block-paragraph">Mein Name ist Ali, ich bin Kurde und bin seit 2014 selbstständig. Ich führe ein Unternehmen mit vier Mitarbeitenden und spezialisiere mich auf Renovationen. Wir machen nicht nur Plattenbeläge, sondern auch Gipser-, Maler-, Parkett- und kleinere Gartenarbeiten. Unsere Firma ist sehr flexibel und legt großen Wert auf Qualität. Für die Planung und Umsetzung meiner Projekte arbeite ich eng mit dem Architekten Andri Gartmann von Gartmanngutarra Architekten zusammen. Durch unsere langjährige Zusammenarbeit können wir Bauprojekte effizient und professionell umsetzen.</p>



<h3 class="wp-block-heading">Unsere Werte und unsere Philosophie</h3>



<p class="wp-block-paragraph">Für die <strong>Alplatten GmbH</strong> stehen Qualität, Präzision und Kundenzufriedenheit an erster Stelle. Wir legen grossen Wert auf persönliche Beratung, individuelle Lösungen und eine saubere, termingerechte Ausführung. Dank Erfahrung, Engagement und Leidenschaft gelingt es uns, jedes Projekt effizient und auf höchstem handwerklichen Niveau umzusetzen.</p>



<h3 class="wp-block-heading">Ziele</h3>



<p class="wp-block-paragraph">Unser Ziel ist es, die Bedürfnisse unserer Kunden frühzeitig zu erkennen und durch persönliche Beratung optimal umzusetzen. Der Mensch steht bei uns im Mittelpunkt – wir begleiten jedes Projekt mit Engagement, Fachwissen und Erfahrung. So garantieren wir eine effiziente, saubere und termingerechte Ausführung unserer Arbeiten.</p>



<p class="wp-block-paragraph"></p>



<p class="wp-block-paragraph"></p>

<p>Über Uns Mein Name ist Ali, ich bin Kurde und bin seit 2014 selbstständig. Ich führe ein Unternehmen mit vier [&hellip;]</p>
