{"id":2208,"date":"2025-11-11T21:39:26","date_gmt":"2025-11-11T21:39:26","guid":{"rendered":"https:\/\/alplatten.ch\/?page_id=2208"},"modified":"2025-11-19T17:29:15","modified_gmt":"2025-11-19T17:29:15","slug":"leistungen","status":"publish","type":"page","link":"https:\/\/alplatten.ch\/index.php\/leistungen\/","title":{"rendered":"LEISTUNGEN"},"content":{"rendered":"\n<div class=\"wp-block-group alignfull page-header is-layout-constrained wp-block-group-is-layout-constrained\">\n<div class=\"wp-block-group title-text-box is-layout-constrained wp-block-group-is-layout-constrained\">\n<h1 class=\"wp-block-heading has-text-align-center\" style=\"font-size:60px\">Leistungen<\/h1>\n<\/div>\n<\/div>\n\n\n\n<div class=\"wp-block-group alignfull service-group is-layout-constrained wp-block-group-is-layout-constrained\">\n<h2 class=\"wp-block-heading\">Plattenleger<\/h2>\n\n\n\n<div class=\"wp-block-columns service-sub-group is-layout-flex wp-container-core-columns-is-layout-7387b849 wp-block-columns-is-layout-flex\">\n<div class=\"wp-block-column is-layout-flow wp-block-column-is-layout-flow\" style=\"flex-basis:33.33%\">\n<figure class=\"wp-block-image size-full\"><img loading=\"lazy\" decoding=\"async\" width=\"1600\" height=\"1067\" src=\"https:\/\/alplatten.ch\/wp-content\/uploads\/2025\/11\/ba23e19b-60f4-43fa-be66-66b073423f6f.jpg\" alt=\"\" class=\"wp-image-2759\" style=\"box-shadow:var(--wp--preset--shadow--natural);aspect-ratio:4\/3;object-fit:cover\" srcset=\"https:\/\/alplatten.ch\/wp-content\/uploads\/2025\/11\/ba23e19b-60f4-43fa-be66-66b073423f6f.jpg 1600w, https:\/\/alplatten.ch\/wp-content\/uploads\/2025\/11\/ba23e19b-60f4-43fa-be66-66b073423f6f-300x200.jpg 300w, https:\/\/alplatten.ch\/wp-content\/uploads\/2025\/11\/ba23e19b-60f4-43fa-be66-66b073423f6f-1024x683.jpg 1024w, https:\/\/alplatten.ch\/wp-content\/uploads\/2025\/11\/ba23e19b-60f4-43fa-be66-66b073423f6f-768x512.jpg 768w, https:\/\/alplatten.ch\/wp-content\/uploads\/2025\/11\/ba23e19b-60f4-43fa-be66-66b073423f6f-1536x1024.jpg 1536w\" sizes=\"(max-width: 1600px) 100vw, 1600px\" \/><\/figure>\n<\/div>\n\n\n\n<div class=\"wp-block-column is-vertically-aligned-center is-layout-flow wp-block-column-is-layout-flow\" style=\"flex-basis:66.66%\">\n<p class=\"wp-block-paragraph\">Wir verlegen Wand- und Bodenplatten in <strong>Bad, K\u00fcche, Wohnr\u00e4umen, Terrassen und Balkonen<\/strong> \u2013 pr\u00e4zise, sauber und langlebig.<\/p>\n\n\n\n<p class=\"wp-block-paragraph\">Von der Beratung \u00fcber die Auswahl der Materialien bis zur fertigen Verlegung begleiten wir jedes Projekt pers\u00f6nlich. Dabei achten wir auf exakte Vorbereitung und eine saubere Endausf\u00fchrung, die Funktion und Design perfekt verbindet.<\/p>\n<\/div>\n<\/div>\n<\/div>\n\n\n\n<div class=\"wp-block-group alignfull service-group has-ast-global-color-5-background-color has-background is-layout-constrained wp-block-group-is-layout-constrained\">\n<h2 class=\"wp-block-heading\">Parkettleger<\/h2>\n\n\n\n<div class=\"wp-block-columns service-sub-group is-layout-flex wp-container-core-columns-is-layout-7387b849 wp-block-columns-is-layout-flex\">\n<div class=\"wp-block-column is-layout-flow wp-block-column-is-layout-flow\" style=\"flex-basis:33.33%\">\n<figure class=\"wp-block-image size-full\"><img loading=\"lazy\" decoding=\"async\" width=\"1600\" height=\"900\" src=\"https:\/\/alplatten.ch\/wp-content\/uploads\/2025\/11\/1ebb974b-e937-42bb-87db-2b3b6c6c0e12.jpg\" alt=\"\" class=\"wp-image-2773\" style=\"box-shadow:var(--wp--preset--shadow--natural);aspect-ratio:4\/3;object-fit:cover\" srcset=\"https:\/\/alplatten.ch\/wp-content\/uploads\/2025\/11\/1ebb974b-e937-42bb-87db-2b3b6c6c0e12.jpg 1600w, https:\/\/alplatten.ch\/wp-content\/uploads\/2025\/11\/1ebb974b-e937-42bb-87db-2b3b6c6c0e12-300x169.jpg 300w, https:\/\/alplatten.ch\/wp-content\/uploads\/2025\/11\/1ebb974b-e937-42bb-87db-2b3b6c6c0e12-1024x576.jpg 1024w, https:\/\/alplatten.ch\/wp-content\/uploads\/2025\/11\/1ebb974b-e937-42bb-87db-2b3b6c6c0e12-768x432.jpg 768w, https:\/\/alplatten.ch\/wp-content\/uploads\/2025\/11\/1ebb974b-e937-42bb-87db-2b3b6c6c0e12-1536x864.jpg 1536w\" sizes=\"(max-width: 1600px) 100vw, 1600px\" \/><\/figure>\n<\/div>\n\n\n\n<div class=\"wp-block-column is-vertically-aligned-center is-layout-flow wp-block-column-is-layout-flow\" style=\"flex-basis:66.66%\">\n<p class=\"wp-block-paragraph\">Unser Partner-Parkettleger \u00fcbernimmt f\u00fcr uns alle Arbeiten rund um <strong>Parkett- und Laminatb\u00f6den<\/strong>.<\/p>\n\n\n\n<p class=\"wp-block-paragraph\">Von der Vorbereitung des Untergrunds bis zur sauberen Verlegung sorgt er f\u00fcr pr\u00e4zise, fachgerechte und langlebige Ergebnisse \u2013 egal ob bei Neubauten, Umbauten oder Renovationen.<\/p>\n<\/div>\n<\/div>\n<\/div>\n\n\n\n<div class=\"wp-block-group alignfull service-group is-layout-constrained wp-block-group-is-layout-constrained\">\n<h2 class=\"wp-block-heading\">Gips- und Malerarbeit<\/h2>\n\n\n\n<div class=\"wp-block-columns service-sub-group is-layout-flex wp-container-core-columns-is-layout-7387b849 wp-block-columns-is-layout-flex\">\n<div class=\"wp-block-column is-layout-flow wp-block-column-is-layout-flow\" style=\"flex-basis:33.33%\">\n<figure class=\"wp-block-image size-full\"><img loading=\"lazy\" decoding=\"async\" width=\"1600\" height=\"868\" src=\"https:\/\/alplatten.ch\/wp-content\/uploads\/2025\/11\/991071c1-45a1-431c-a48d-4d7e7b10abe9.jpg\" alt=\"\" class=\"wp-image-2775\" style=\"box-shadow:var(--wp--preset--shadow--natural);aspect-ratio:4\/3;object-fit:cover\" srcset=\"https:\/\/alplatten.ch\/wp-content\/uploads\/2025\/11\/991071c1-45a1-431c-a48d-4d7e7b10abe9.jpg 1600w, https:\/\/alplatten.ch\/wp-content\/uploads\/2025\/11\/991071c1-45a1-431c-a48d-4d7e7b10abe9-300x163.jpg 300w, https:\/\/alplatten.ch\/wp-content\/uploads\/2025\/11\/991071c1-45a1-431c-a48d-4d7e7b10abe9-1024x556.jpg 1024w, https:\/\/alplatten.ch\/wp-content\/uploads\/2025\/11\/991071c1-45a1-431c-a48d-4d7e7b10abe9-768x417.jpg 768w, https:\/\/alplatten.ch\/wp-content\/uploads\/2025\/11\/991071c1-45a1-431c-a48d-4d7e7b10abe9-1536x833.jpg 1536w\" sizes=\"(max-width: 1600px) 100vw, 1600px\" \/><\/figure>\n<\/div>\n\n\n\n<div class=\"wp-block-column is-vertically-aligned-center is-layout-flow wp-block-column-is-layout-flow\" style=\"flex-basis:66.66%\">\n<p class=\"wp-block-paragraph\">Wir f\u00fchren <strong>Gips- und Malerarbeiten im Innenbereich<\/strong> aus \u2013 vor allem bei <strong>Umbauten und Renovationen<\/strong>.<\/p>\n\n\n\n<p class=\"wp-block-paragraph\">Mit viel Sorgfalt und Erfahrung verleihen wir R\u00e4umen ein neues, gepflegtes Erscheinungsbild.<\/p>\n<\/div>\n<\/div>\n<\/div>\n\n\n\n<div class=\"wp-block-group alignfull service-group has-ast-global-color-5-background-color has-background is-layout-constrained wp-block-group-is-layout-constrained\">\n<h2 class=\"wp-block-heading\">Renovationen<\/h2>\n\n\n\n<div class=\"wp-block-columns service-sub-group is-layout-flex wp-container-core-columns-is-layout-7387b849 wp-block-columns-is-layout-flex\">\n<div class=\"wp-block-column is-layout-flow wp-block-column-is-layout-flow\" style=\"flex-basis:33.33%\">\n<figure class=\"wp-block-image size-full\"><img loading=\"lazy\" decoding=\"async\" width=\"500\" height=\"300\" src=\"https:\/\/alplatten.ch\/wp-content\/uploads\/2025\/11\/Kleine-Renovationen.jpg\" alt=\"\" class=\"wp-image-2754\" style=\"box-shadow:var(--wp--preset--shadow--natural);aspect-ratio:4\/3;object-fit:cover\" srcset=\"https:\/\/alplatten.ch\/wp-content\/uploads\/2025\/11\/Kleine-Renovationen.jpg 500w, https:\/\/alplatten.ch\/wp-content\/uploads\/2025\/11\/Kleine-Renovationen-300x180.jpg 300w\" sizes=\"(max-width: 500px) 100vw, 500px\" \/><\/figure>\n<\/div>\n\n\n\n<div class=\"wp-block-column is-vertically-aligned-center is-layout-flow wp-block-column-is-layout-flow\" style=\"flex-basis:66.66%\">\n<p class=\"wp-block-paragraph\">Wir \u00fcbernehmen <strong>Renovationsarbeiten im Innenbereich<\/strong> \u2013 schnell, zuverl\u00e4ssig und mit hohem Qualit\u00e4tsanspruch.<\/p>\n\n\n\n<p class=\"wp-block-paragraph\">Ob Ausbesserungen, Reparaturen oder Umbauten: Wir sorgen daf\u00fcr, dass bestehende R\u00e4ume wieder in neuem Glanz erscheinen.<\/p>\n<\/div>\n<\/div>\n<\/div>\n\n\n\n<div class=\"wp-block-group alignfull service-group is-layout-constrained wp-block-group-is-layout-constrained\">\n<h2 class=\"wp-block-heading\">Terrassen<\/h2>\n\n\n\n<div class=\"wp-block-columns service-sub-group is-layout-flex wp-container-core-columns-is-layout-7387b849 wp-block-columns-is-layout-flex\">\n<div class=\"wp-block-column is-layout-flow wp-block-column-is-layout-flow\" style=\"flex-basis:33.33%\">\n<figure class=\"wp-block-image size-full\"><img loading=\"lazy\" decoding=\"async\" width=\"1756\" height=\"1316\" src=\"https:\/\/alplatten.ch\/wp-content\/uploads\/2025\/11\/b82dc4a7-d0c7-4a0f-8401-e54dc5233c70-1.jpg\" alt=\"\" class=\"wp-image-2794\" style=\"box-shadow:var(--wp--preset--shadow--natural);aspect-ratio:4\/3;object-fit:cover\" srcset=\"https:\/\/alplatten.ch\/wp-content\/uploads\/2025\/11\/b82dc4a7-d0c7-4a0f-8401-e54dc5233c70-1.jpg 1756w, https:\/\/alplatten.ch\/wp-content\/uploads\/2025\/11\/b82dc4a7-d0c7-4a0f-8401-e54dc5233c70-1-300x225.jpg 300w, https:\/\/alplatten.ch\/wp-content\/uploads\/2025\/11\/b82dc4a7-d0c7-4a0f-8401-e54dc5233c70-1-1024x767.jpg 1024w, https:\/\/alplatten.ch\/wp-content\/uploads\/2025\/11\/b82dc4a7-d0c7-4a0f-8401-e54dc5233c70-1-768x576.jpg 768w, https:\/\/alplatten.ch\/wp-content\/uploads\/2025\/11\/b82dc4a7-d0c7-4a0f-8401-e54dc5233c70-1-1536x1151.jpg 1536w, https:\/\/alplatten.ch\/wp-content\/uploads\/2025\/11\/b82dc4a7-d0c7-4a0f-8401-e54dc5233c70-1-1441x1080.jpg 1441w\" sizes=\"(max-width: 1756px) 100vw, 1756px\" \/><\/figure>\n<\/div>\n\n\n\n<div class=\"wp-block-column is-vertically-aligned-center is-layout-flow wp-block-column-is-layout-flow\" style=\"flex-basis:66.66%\">\n<p class=\"wp-block-paragraph\">Wir gestalten und erneuern Aussenfl\u00e4chen: <strong>Betonieren<\/strong>, <strong>Abdichten<\/strong>, <strong>Platten verlegen<\/strong> oder Arbeiten mit <strong>Stelzlagern<\/strong>.<\/p>\n\n\n\n<p class=\"wp-block-paragraph\">Saubere Umsetzung, langlebige Resultate.<\/p>\n<\/div>\n<\/div>\n<\/div>\n\n\n\n<p class=\"wp-block-paragraph\"><\/p>\n","protected":false},"excerpt":{"rendered":"<p>Leistungen Plattenleger Wir verlegen Wand- und Bodenplatten in Bad, K\u00fcche, Wohnr\u00e4umen, Terrassen und Balkonen \u2013 pr\u00e4zise, sauber und langlebig. Von [&hellip;]<\/p>\n","protected":false},"author":1,"featured_media":0,"parent":0,"menu_order":0,"comment_status":"closed","ping_status":"closed","template":"","meta":{"saved_in_kubio":false,"site-sidebar-layout":"default","site-content-layout":"","ast-site-content-layout":"normal-width-container","site-content-style":"default","site-sidebar-style":"default","ast-global-header-display":"","ast-banner-title-visibility":"","ast-main-header-display":"","ast-hfb-above-header-display":"","ast-hfb-below-header-display":"","ast-hfb-mobile-header-display":"","site-post-title":"disabled","ast-breadcrumbs-content":"","ast-featured-img":"","footer-sml-layout":"","theme-transparent-header-meta":"","adv-header-id-meta":"","stick-header-meta":"","header-above-stick-meta":"","header-main-stick-meta":"","header-below-stick-meta":"","astra-migrate-meta-layouts":"default","ast-page-background-enabled":"default","ast-page-background-meta":{"desktop":{"background-color":"var(--ast-global-color-5)","background-image":"","background-repeat":"repeat","background-position":"center center","background-size":"auto","background-attachment":"scroll","background-type":"","background-media":"","overlay-type":"","overlay-color":"","overlay-opacity":"","overlay-gradient":""},"tablet":{"background-color":"","background-image":"","background-repeat":"repeat","background-position":"center center","background-size":"auto","background-attachment":"scroll","background-type":"","background-media":"","overlay-type":"","overlay-color":"","overlay-opacity":"","overlay-gradient":""},"mobile":{"background-color":"","background-image":"","background-repeat":"repeat","background-position":"center center","background-size":"auto","background-attachment":"scroll","background-type":"","background-media":"","overlay-type":"","overlay-color":"","overlay-opacity":"","overlay-gradient":""}},"ast-content-background-meta":{"desktop":{"background-color":"var(--ast-global-color-4)","background-image":"","background-repeat":"repeat","background-position":"center center","background-size":"auto","background-attachment":"scroll","background-type":"","background-media":"","overlay-type":"","overlay-color":"","overlay-opacity":"","overlay-gradient":""},"tablet":{"background-color":"var(--ast-global-color-4)","background-image":"","background-repeat":"repeat","background-position":"center center","background-size":"auto","background-attachment":"scroll","background-type":"","background-media":"","overlay-type":"","overlay-color":"","overlay-opacity":"","overlay-gradient":""},"mobile":{"background-color":"var(--ast-global-color-4)","background-image":"","background-repeat":"repeat","background-position":"center center","background-size":"auto","background-attachment":"scroll","background-type":"","background-media":"","overlay-type":"","overlay-color":"","overlay-opacity":"","overlay-gradient":""}},"footnotes":""},"class_list":["post-2208","page","type-page","status-publish","hentry"],"kubio_ai_page_context":{"short_desc":"","purpose":"general"},"_links":{"self":[{"href":"https:\/\/alplatten.ch\/index.php\/wp-json\/wp\/v2\/pages\/2208","targetHints":{"allow":["GET"]}}],"collection":[{"href":"https:\/\/alplatten.ch\/index.php\/wp-json\/wp\/v2\/pages"}],"about":[{"href":"https:\/\/alplatten.ch\/index.php\/wp-json\/wp\/v2\/types\/page"}],"author":[{"embeddable":true,"href":"https:\/\/alplatten.ch\/index.php\/wp-json\/wp\/v2\/users\/1"}],"replies":[{"embeddable":true,"href":"https:\/\/alplatten.ch\/index.php\/wp-json\/wp\/v2\/comments?post=2208"}],"version-history":[{"count":57,"href":"https:\/\/alplatten.ch\/index.php\/wp-json\/wp\/v2\/pages\/2208\/revisions"}],"predecessor-version":[{"id":2812,"href":"https:\/\/alplatten.ch\/index.php\/wp-json\/wp\/v2\/pages\/2208\/revisions\/2812"}],"wp:attachment":[{"href":"https:\/\/alplatten.ch\/index.php\/wp-json\/wp\/v2\/media?parent=2208"}],"curies":[{"name":"wp","href":"https:\/\/api.w.org\/{rel}","templated":true}]}}

<div class="wp-block-group alignfull page-header is-layout-constrained wp-block-group-is-layout-constrained">
<div class="wp-block-group title-text-box is-layout-constrained wp-block-group-is-layout-constrained">
<h1 class="wp-block-heading has-text-align-center" style="font-size:60px">Leistungen</h1>
</div>
</div>



<div class="wp-block-group alignfull service-group is-layout-constrained wp-block-group-is-layout-constrained">
<h2 class="wp-block-heading">Plattenleger</h2>



<div class="wp-block-columns service-sub-group is-layout-flex wp-container-core-columns-is-layout-7387b849 wp-block-columns-is-layout-flex">
<div class="wp-block-column is-layout-flow wp-block-column-is-layout-flow" style="flex-basis:33.33%">
<figure class="wp-block-image size-full"><img loading="lazy" decoding="async" width="1600" height="1067" src="https://alplatten.ch/wp-content/uploads/2025/11/ba23e19b-60f4-43fa-be66-66b073423f6f.jpg" alt="" class="wp-image-2759" style="box-shadow:var(--wp--preset--shadow--natural);aspect-ratio:4/3;object-fit:cover" srcset="https://alplatten.ch/wp-content/uploads/2025/11/ba23e19b-60f4-43fa-be66-66b073423f6f.jpg 1600w, https://alplatten.ch/wp-content/uploads/2025/11/ba23e19b-60f4-43fa-be66-66b073423f6f-300x200.jpg 300w, https://alplatten.ch/wp-content/uploads/2025/11/ba23e19b-60f4-43fa-be66-66b073423f6f-1024x683.jpg 1024w, https://alplatten.ch/wp-content/uploads/2025/11/ba23e19b-60f4-43fa-be66-66b073423f6f-768x512.jpg 768w, https://alplatten.ch/wp-content/uploads/2025/11/ba23e19b-60f4-43fa-be66-66b073423f6f-1536x1024.jpg 1536w" sizes="(max-width: 1600px) 100vw, 1600px" /></figure>
</div>



<div class="wp-block-column is-vertically-aligned-center is-layout-flow wp-block-column-is-layout-flow" style="flex-basis:66.66%">
<p class="wp-block-paragraph">Wir verlegen Wand- und Bodenplatten in <strong>Bad, Küche, Wohnräumen, Terrassen und Balkonen</strong> – präzise, sauber und langlebig.</p>



<p class="wp-block-paragraph">Von der Beratung über die Auswahl der Materialien bis zur fertigen Verlegung begleiten wir jedes Projekt persönlich. Dabei achten wir auf exakte Vorbereitung und eine saubere Endausführung, die Funktion und Design perfekt verbindet.</p>
</div>
</div>
</div>



<div class="wp-block-group alignfull service-group has-ast-global-color-5-background-color has-background is-layout-constrained wp-block-group-is-layout-constrained">
<h2 class="wp-block-heading">Parkettleger</h2>



<div class="wp-block-columns service-sub-group is-layout-flex wp-container-core-columns-is-layout-7387b849 wp-block-columns-is-layout-flex">
<div class="wp-block-column is-layout-flow wp-block-column-is-layout-flow" style="flex-basis:33.33%">
<figure class="wp-block-image size-full"><img loading="lazy" decoding="async" width="1600" height="900" src="https://alplatten.ch/wp-content/uploads/2025/11/1ebb974b-e937-42bb-87db-2b3b6c6c0e12.jpg" alt="" class="wp-image-2773" style="box-shadow:var(--wp--preset--shadow--natural);aspect-ratio:4/3;object-fit:cover" srcset="https://alplatten.ch/wp-content/uploads/2025/11/1ebb974b-e937-42bb-87db-2b3b6c6c0e12.jpg 1600w, https://alplatten.ch/wp-content/uploads/2025/11/1ebb974b-e937-42bb-87db-2b3b6c6c0e12-300x169.jpg 300w, https://alplatten.ch/wp-content/uploads/2025/11/1ebb974b-e937-42bb-87db-2b3b6c6c0e12-1024x576.jpg 1024w, https://alplatten.ch/wp-content/uploads/2025/11/1ebb974b-e937-42bb-87db-2b3b6c6c0e12-768x432.jpg 768w, https://alplatten.ch/wp-content/uploads/2025/11/1ebb974b-e937-42bb-87db-2b3b6c6c0e12-1536x864.jpg 1536w" sizes="(max-width: 1600px) 100vw, 1600px" /></figure>
</div>



<div class="wp-block-column is-vertically-aligned-center is-layout-flow wp-block-column-is-layout-flow" style="flex-basis:66.66%">
<p class="wp-block-paragraph">Unser Partner-Parkettleger übernimmt für uns alle Arbeiten rund um <strong>Parkett- und Laminatböden</strong>.</p>



<p class="wp-block-paragraph">Von der Vorbereitung des Untergrunds bis zur sauberen Verlegung sorgt er für präzise, fachgerechte und langlebige Ergebnisse – egal ob bei Neubauten, Umbauten oder Renovationen.</p>
</div>
</div>
</div>



<div class="wp-block-group alignfull service-group is-layout-constrained wp-block-group-is-layout-constrained">
<h2 class="wp-block-heading">Gips- und Malerarbeit</h2>



<div class="wp-block-columns service-sub-group is-layout-flex wp-container-core-columns-is-layout-7387b849 wp-block-columns-is-layout-flex">
<div class="wp-block-column is-layout-flow wp-block-column-is-layout-flow" style="flex-basis:33.33%">
<figure class="wp-block-image size-full"><img loading="lazy" decoding="async" width="1600" height="868" src="https://alplatten.ch/wp-content/uploads/2025/11/991071c1-45a1-431c-a48d-4d7e7b10abe9.jpg" alt="" class="wp-image-2775" style="box-shadow:var(--wp--preset--shadow--natural);aspect-ratio:4/3;object-fit:cover" srcset="https://alplatten.ch/wp-content/uploads/2025/11/991071c1-45a1-431c-a48d-4d7e7b10abe9.jpg 1600w, https://alplatten.ch/wp-content/uploads/2025/11/991071c1-45a1-431c-a48d-4d7e7b10abe9-300x163.jpg 300w, https://alplatten.ch/wp-content/uploads/2025/11/991071c1-45a1-431c-a48d-4d7e7b10abe9-1024x556.jpg 1024w, https://alplatten.ch/wp-content/uploads/2025/11/991071c1-45a1-431c-a48d-4d7e7b10abe9-768x417.jpg 768w, https://alplatten.ch/wp-content/uploads/2025/11/991071c1-45a1-431c-a48d-4d7e7b10abe9-1536x833.jpg 1536w" sizes="(max-width: 1600px) 100vw, 1600px" /></figure>
</div>



<div class="wp-block-column is-vertically-aligned-center is-layout-flow wp-block-column-is-layout-flow" style="flex-basis:66.66%">
<p class="wp-block-paragraph">Wir führen <strong>Gips- und Malerarbeiten im Innenbereich</strong> aus – vor allem bei <strong>Umbauten und Renovationen</strong>.</p>



<p class="wp-block-paragraph">Mit viel Sorgfalt und Erfahrung verleihen wir Räumen ein neues, gepflegtes Erscheinungsbild.</p>
</div>
</div>
</div>



<div class="wp-block-group alignfull service-group has-ast-global-color-5-background-color has-background is-layout-constrained wp-block-group-is-layout-constrained">
<h2 class="wp-block-heading">Renovationen</h2>



<div class="wp-block-columns service-sub-group is-layout-flex wp-container-core-columns-is-layout-7387b849 wp-block-columns-is-layout-flex">
<div class="wp-block-column is-layout-flow wp-block-column-is-layout-flow" style="flex-basis:33.33%">
<figure class="wp-block-image size-full"><img loading="lazy" decoding="async" width="500" height="300" src="https://alplatten.ch/wp-content/uploads/2025/11/Kleine-Renovationen.jpg" alt="" class="wp-image-2754" style="box-shadow:var(--wp--preset--shadow--natural);aspect-ratio:4/3;object-fit:cover" srcset="https://alplatten.ch/wp-content/uploads/2025/11/Kleine-Renovationen.jpg 500w, https://alplatten.ch/wp-content/uploads/2025/11/Kleine-Renovationen-300x180.jpg 300w" sizes="(max-width: 500px) 100vw, 500px" /></figure>
</div>



<div class="wp-block-column is-vertically-aligned-center is-layout-flow wp-block-column-is-layout-flow" style="flex-basis:66.66%">
<p class="wp-block-paragraph">Wir übernehmen <strong>Renovationsarbeiten im Innenbereich</strong> – schnell, zuverlässig und mit hohem Qualitätsanspruch.</p>



<p class="wp-block-paragraph">Ob Ausbesserungen, Reparaturen oder Umbauten: Wir sorgen dafür, dass bestehende Räume wieder in neuem Glanz erscheinen.</p>
</div>
</div>
</div>



<div class="wp-block-group alignfull service-group is-layout-constrained wp-block-group-is-layout-constrained">
<h2 class="wp-block-heading">Terrassen</h2>



<div class="wp-block-columns service-sub-group is-layout-flex wp-container-core-columns-is-layout-7387b849 wp-block-columns-is-layout-flex">
<div class="wp-block-column is-layout-flow wp-block-column-is-layout-flow" style="flex-basis:33.33%">
<figure class="wp-block-image size-full"><img loading="lazy" decoding="async" width="1756" height="1316" src="https://alplatten.ch/wp-content/uploads/2025/11/b82dc4a7-d0c7-4a0f-8401-e54dc5233c70-1.jpg" alt="" class="wp-image-2794" style="box-shadow:var(--wp--preset--shadow--natural);aspect-ratio:4/3;object-fit:cover" srcset="https://alplatten.ch/wp-content/uploads/2025/11/b82dc4a7-d0c7-4a0f-8401-e54dc5233c70-1.jpg 1756w, https://alplatten.ch/wp-content/uploads/2025/11/b82dc4a7-d0c7-4a0f-8401-e54dc5233c70-1-300x225.jpg 300w, https://alplatten.ch/wp-content/uploads/2025/11/b82dc4a7-d0c7-4a0f-8401-e54dc5233c70-1-1024x767.jpg 1024w, https://alplatten.ch/wp-content/uploads/2025/11/b82dc4a7-d0c7-4a0f-8401-e54dc5233c70-1-768x576.jpg 768w, https://alplatten.ch/wp-content/uploads/2025/11/b82dc4a7-d0c7-4a0f-8401-e54dc5233c70-1-1536x1151.jpg 1536w, https://alplatten.ch/wp-content/uploads/2025/11/b82dc4a7-d0c7-4a0f-8401-e54dc5233c70-1-1441x1080.jpg 1441w" sizes="(max-width: 1756px) 100vw, 1756px" /></figure>
</div>



<div class="wp-block-column is-vertically-aligned-center is-layout-flow wp-block-column-is-layout-flow" style="flex-basis:66.66%">
<p class="wp-block-paragraph">Wir gestalten und erneuern Aussenflächen: <strong>Betonieren</strong>, <strong>Abdichten</strong>, <strong>Platten verlegen</strong> oder Arbeiten mit <strong>Stelzlagern</strong>.</p>



<p class="wp-block-paragraph">Saubere Umsetzung, langlebige Resultate.</p>
</div>
</div>
</div>



<p class="wp-block-paragraph"></p>

<p>Leistungen Plattenleger Wir verlegen Wand- und Bodenplatten in Bad, Küche, Wohnräumen, Terrassen und Balkonen – präzise, sauber und langlebig. Von [&hellip;]</p>
